{"id":3762,"date":"2026-01-24T16:31:23","date_gmt":"2026-01-24T15:31:23","guid":{"rendered":"https:\/\/www.schmeling.de\/wordpress\/?page_id=3762"},"modified":"2026-01-24T16:52:13","modified_gmt":"2026-01-24T15:52:13","slug":"videoueberwachung","status":"publish","type":"page","link":"https:\/\/www.schmeling.de\/wordpress\/videoueberwachung\/","title":{"rendered":"Video\u00fcberwachung"},"content":{"rendered":"<p>Auf dem Grundst\u00fcck Hirthstra\u00dfe 56 findet eine Video\u00fcberwachung statt. Diese schlie\u00dft den Grundst\u00fccksbereich zur Stra\u00dfe und hinter dem Haus ein.<\/p>\n<p>Aufgezeichnet werden Bewegungen auf dem Grundst\u00fcck. Die Kamera ist so eingerichtet, dass ab dem Betreten des Grundst\u00fccks eine Aufzeichnung startet. Diese schlie\u00dft dann auch die im Cache befindlichen Sekunden vor dem Ereignis ein und endet nach dem Verlassen des \u00dcberwachungsbereichs.<\/p>\n<p>Die Daten werden online auf einen gesicherten Datenspeicher in Deutschland geladen und dort bis zur automatischen L\u00f6schung festgehalten.<\/p>\n<table>\n<tbody>\n<tr>\n<td>Verantwortlich f\u00fcr die Video\u00fcberwachung<\/td>\n<td>Martin Schmeling<\/td>\n<\/tr>\n<tr>\n<td>Zweck der \u00dcberwachung<\/td>\n<td>zum Schutz des Eigentums vor Vandalismus, Einbruch, Diebstahl, groben Unfug, Hausfriedensbruch, Aufkl\u00e4rung von Straftaten etc.<\/td>\n<\/tr>\n<tr>\n<td>Rechtsgrundlage<\/td>\n<td>berechtigtes Interesse nach Art. 6 Abs. 1 lit. f DSGVO<\/td>\n<\/tr>\n<tr>\n<td>Speicherdauer<\/td>\n<td>Die Aufnahmen werden in der Regel bis zu 72 Stunden gespeichert, im Falle der Notwendigkeit von Aufkl\u00e4rungen ggf. auch l\u00e4nger.<\/td>\n<\/tr>\n<tr>\n<td>Hinweis auf Betroffenenrechte<\/td>\n<td>Betroffene haben das Recht, eine L\u00f6schung ihrer Aufnahmen zu verlangen, sofern dies dem Interesse der Strafverfolgung nicht unterliegt. Dazu ist eine Aufforderung zur L\u00f6schung an den Verantwortlichen an die Adresse des \u00fcberwachten Grundst\u00fccks zu richten. Dazu ist Datum, Uhrzeit und die Beschreibung der abgebildeten Person zu nennen, die eine eindeutige Identifizierung der betreffenden Aufnahme erm\u00f6glicht. Eine Best\u00e4tigung dazu erfolgt nicht auf schriftlichem Wege.<\/td>\n<\/tr>\n<\/tbody>\n<\/table>\n","protected":false},"excerpt":{"rendered":"<p>Auf dem Grundst\u00fcck Hirthstra\u00dfe 56 findet eine Video\u00fcberwachung statt. Diese schlie\u00dft den Grundst\u00fccksbereich zur Stra\u00dfe und hinter dem Haus ein. Aufgezeichnet werden Bewegungen auf dem Grundst\u00fcck. Die Kamera ist so eingerichtet, dass ab dem Betreten des Grundst\u00fccks eine Aufzeichnung startet. Diese schlie\u00dft dann auch die im Cache befindlichen Sekunden vor dem Ereignis ein und endet [&hellip;]<\/p>\n","protected":false},"author":1,"featured_media":0,"parent":0,"menu_order":0,"comment_status":"closed","ping_status":"closed","template":"","meta":{"footnotes":""},"class_list":["post-3762","page","type-page","status-publish","hentry"],"_links":{"self":[{"href":"https:\/\/www.schmeling.de\/wordpress\/wp-json\/wp\/v2\/pages\/3762","targetHints":{"allow":["GET"]}}],"collection":[{"href":"https:\/\/www.schmeling.de\/wordpress\/wp-json\/wp\/v2\/pages"}],"about":[{"href":"https:\/\/www.schmeling.de\/wordpress\/wp-json\/wp\/v2\/types\/page"}],"author":[{"embeddable":true,"href":"https:\/\/www.schmeling.de\/wordpress\/wp-json\/wp\/v2\/users\/1"}],"replies":[{"embeddable":true,"href":"https:\/\/www.schmeling.de\/wordpress\/wp-json\/wp\/v2\/comments?post=3762"}],"version-history":[{"count":3,"href":"https:\/\/www.schmeling.de\/wordpress\/wp-json\/wp\/v2\/pages\/3762\/revisions"}],"predecessor-version":[{"id":3765,"href":"https:\/\/www.schmeling.de\/wordpress\/wp-json\/wp\/v2\/pages\/3762\/revisions\/3765"}],"wp:attachment":[{"href":"https:\/\/www.schmeling.de\/wordpress\/wp-json\/wp\/v2\/media?parent=3762"}],"curies":[{"name":"wp","href":"https:\/\/api.w.org\/{rel}","templated":true}]}}