{"id":3105,"date":"2015-06-02T21:08:40","date_gmt":"2015-06-02T19:08:40","guid":{"rendered":"http:\/\/test.schmeling.de\/wordpress\/?page_id=3105"},"modified":"2015-06-05T14:18:10","modified_gmt":"2015-06-05T12:18:10","slug":"herzlich-willkommen","status":"publish","type":"page","link":"https:\/\/www.schmeling.de\/wordpress\/herzlich-willkommen\/","title":{"rendered":"Herzlich Willkommen"},"content":{"rendered":"<p>Hallo und herzlich Willkommen auf unserer Blogseite. Hier erfahrt ihr Neuigkeiten von den Kindern, aus den Bastelecken unseres Hauses oder der kleinen Bastelwerkstatt und vieles Andere mehr. <\/p>\n<p>Viel Spa\u00df beim St\u00f6bern. <\/p>\n<p><a href=\"http:\/\/www.schmeling.de\/blog\">Hier geht es zu den aktuellen Beitr\u00e4gen<\/a><\/p>\n","protected":false},"excerpt":{"rendered":"<p>Hallo und herzlich Willkommen auf unserer Blogseite. Hier erfahrt ihr Neuigkeiten von den Kindern, aus den Bastelecken unseres Hauses oder der kleinen Bastelwerkstatt und vieles Andere mehr. Viel Spa\u00df beim St\u00f6bern. Hier geht es zu den aktuellen Beitr\u00e4gen<\/p>\n","protected":false},"author":1,"featured_media":0,"parent":0,"menu_order":0,"comment_status":"open","ping_status":"open","template":"page-templates\/front-portfolio.php","meta":{"footnotes":""},"class_list":["post-3105","page","type-page","status-publish","hentry"],"_links":{"self":[{"href":"https:\/\/www.schmeling.de\/wordpress\/wp-json\/wp\/v2\/pages\/3105","targetHints":{"allow":["GET"]}}],"collection":[{"href":"https:\/\/www.schmeling.de\/wordpress\/wp-json\/wp\/v2\/pages"}],"about":[{"href":"https:\/\/www.schmeling.de\/wordpress\/wp-json\/wp\/v2\/types\/page"}],"author":[{"embeddable":true,"href":"https:\/\/www.schmeling.de\/wordpress\/wp-json\/wp\/v2\/users\/1"}],"replies":[{"embeddable":true,"href":"https:\/\/www.schmeling.de\/wordpress\/wp-json\/wp\/v2\/comments?post=3105"}],"version-history":[{"count":3,"href":"https:\/\/www.schmeling.de\/wordpress\/wp-json\/wp\/v2\/pages\/3105\/revisions"}],"predecessor-version":[{"id":3108,"href":"https:\/\/www.schmeling.de\/wordpress\/wp-json\/wp\/v2\/pages\/3105\/revisions\/3108"}],"wp:attachment":[{"href":"https:\/\/www.schmeling.de\/wordpress\/wp-json\/wp\/v2\/media?parent=3105"}],"curies":[{"name":"wp","href":"https:\/\/api.w.org\/{rel}","templated":true}]}}